r of 206312?
False
Is 84315 a multiple of 105?
True
Does 22 divide 6128650?
True
Is 231 a factor of 166610?
False
Is 659904 a multiple of 14?
True
Is 56 a factor of 329336?
True
Is 668 a factor of 5291239?
False
Is 145180 a multiple of 34?
True
Is 756237 a multiple of 42?
False
Does 33 divide 12668931?
True
Is 11 a factor of 3173610?
True
Is 65440 a multiple of 343?
False
Does 55 divide 176871?
False
Does 196 divide 293804?
True
Does 164 divide 5854308?
True
Does 40 divide 375000?
True
Is 8466086 a multiple of 29?
True
Is 851 a factor of 451030?
True
Does 295 divide 2302475?
True
Is 241224 a multiple of 38?
True
Does 26 divide 229402?
False
Does 77 divide 283414?
False
Is 9660 a multiple of 7?
True
Is 6 a factor of 202392?
True
Is 162 a factor of 108378?
True
Is 151 a factor of 14991280?
True
Is 9 a factor of 2356?
False
Does 79 divide 11573507?
False
Is 37 a factor of 644993?
False
Is 54205 a multiple of 102?
False
Is 16248954 a multiple of 354?
True
Is 787 a factor of 1410667?
False
Is 1532439 a multiple of 21?
False
Is 4067096 a multiple of 452?
True
Is 177806 a multiple of 213?
False
Is 51 a factor of 225133?
False
Is 114 a factor of 1829700?
True
Does 131 divide 368503?
True
Is 786879 a multiple of 153?
True
Is 9 a factor of 1744245?
True
Is 47870 even?
True
Is 594776 a multiple of 12?
False
Is 27363 a multiple of 8?
False
Does 45 divide 8046540?
True
Is 5056 a multiple of 7?
False
Does 71 divide 863076?
True
Is 3700380 a multiple of 20?
True
Is 147936 a multiple of 69?
True
Does 802 divide 3556902?
False
Is 244860 a multiple of 530?
True
Is 4139625 a multiple of 35?
True
Is 6706908 a multiple of 18?
True
Does 641 divide 9586185?
False
Is 150 a factor of 239250?
True
Does 27 divide 5593?
False
Is 30 a factor of 3425?
False
Is 188723 a multiple of 19?
False
Is 724 a factor of 231680?
True
Does 25 divide 1568800?
True
Is 3 a factor of 414423?
True
Is 9450 even?
True
Is 184 a factor of 8437276?
False
Is 39 a factor of 5889?
True
Is 46887 a multiple of 54?
False
Is 6484634 a multiple of 1445?
False
Is 123690 a multiple of 14?
True
Is 8 a factor of 64476?
False
Is 3996598 a multiple of 63?
False
Is 264 a factor of 396095?
False
Does 49 divide 9801813?
True
Does 48 divide 188400?
True
Is 20 a factor of 16500?
True
Is 971654 a multiple of 16?
False
Does 1535 divide 3623339?
False
Does 87 divide 180622?
False
Is 3575516 a multiple of 14?
True
Is 2484725 a multiple of 95?
True
Is 1916541 a multiple of 99?
True
Is 271536 a multiple of 8?
True
Does 15 divide 261252?
False
Is 1651490 a multiple of 94?
False
Is 79344 a multiple of 114?
True
Does 34 divide 24990101?
False
Is 2855789 a multiple of 1123?
True
Is 289632 a multiple of 142?
False
Is 889 a factor of 881520?
False
Is 121323 a multiple of 111?
True
Is 53453 a multiple of 19?
False
Does 221 divide 31382?
True
Is 18 a factor of 619038?
True
Does 13 divide 16500988?
False
Does 21 divide 11765460?
True
Does 15 divide 1394457?
False
Is 604824 a multiple of 87?
True
Does 164 divide 289757?
False
Is 167826 a multiple of 166?
True
Does 11 divide 6300475?
False
Does 145 divide 61625?
True
Is 699 a factor of 866341?
False
Is 22 a factor of 5844652?
True
Is 648644 a multiple of 31?
True
Is 483 a factor of 3963328?
False
Is 549775 a multiple of 82?
False
Is 68640 a multiple of 78?
True
Is 17 a factor of 367897?
True
Is 4875770 a multiple of 34?
True
Is 5172265 a multiple of 7?
True
Is 310 a factor of 547264?
False
Does 4 divide 143089?
False
Is 357988 a multiple of 62?
True
Is 1453 even?
False
Does 14 divide 198797?
False
Is 7 a factor of 13076651?
True
Is 778056 a multiple of 68?
True
Is 1166940 a multiple of 270?
True
Is 9 a factor of 3726621?
True
Is 123491 a multiple of 3?
False
Is 7322 a multiple of 19?
False
Does 28 divide 1780212?
True
Is 483960 a multiple of 20?
True
Is 17319077 a multiple of 52?
False
Is 13 a factor of 336050?
True
Is 257025 a multiple of 25?
True
Does 106 divide 2918146?
False
Is 962260 a multiple of 2?
True
Is 20 a factor of 1208740?
True
Does 10 divide 454332?
False
Is 181 a factor of 1168523?
False
Is 42 a factor of 5666292?
False
Does 470 divide 350150?
True
Is 6585864 a multiple of 24?
True
Does 12 divide 113160?
True
Does 46 divide 681713?
False
Is 4052 a multiple of 3?
False
Does 79 divide 59339?
False
Is 17 a factor of 3064894?
False
Is 12 a factor of 12036?
True
Is 1654530 a multiple of 393?
True
Is 238415 a multiple of 40?
False
Does 1417 divide 9735376?
False
Does 994 divide 618470?
False
Does 367 divide 3220792?
True
Is 41 a factor of 9173547?
False
Does 11 divide 142539?
False
Does 194 divide 6382018?
True
Is 468236 a multiple of 29?
False
Is 14 a factor of 178287?
False
Does 210 divide 305970?
True
Is 20 a factor of 7236?
False
Is 18 a factor of 1041817?
False
Does 100 divide 4281042?
False
Does 6 divide 225621?
False
Does 1405 divide 23670035?
True
Is 11 a factor of 9370858?
False
Is 5502402 a multiple of 1143?
True
Does 405 divide 64395?
True
Is 4 a factor of 913516?
True
Is 38 a factor of 1182962?
False
Is 124257 a multiple of 427?
True
Is 10 a factor of 80010?
True
Does 6 divide 508796?
False
Does 24 divide 13693248?
True
Is 8 a factor of 287200?
True
Is 11595681 a multiple of 747?
True
Does 132 divide 1539786?
False
Does 5 divide 147915?
True
Does 14 divide 5423765?
False
Does 158 divide 237955?
False
Is 1020 a factor of 2577993?
False
Is 3 a factor of 985524?
True
Does 152 divide 315704?
True
Is 2499878 a multiple of 280?
False
Does 140 divide 27337703?
False
Is 86753 a multiple of 27?
False
Does 6 divide 65538?
True
Does 223 divide 104521?
False
Does 6 divide 121251?
False
Is 362220 a multiple of 60?
True
Is 2452 a factor of 4848960?
False
Is 304 a factor of 49856?
True
Is 3861788 a multiple of 133?
True
Is 72540 a multiple of 31?
True
Is 89628 a multiple of 43?
False
Does 12 divide 76320?
True
Is 2 a factor of 291781?
False
Is 20736 a multiple of 50?
False
Is 2 a factor of 5947582?
True
Is 7760710 a multiple of 11?
False
Is 132762 a multiple of 14?
True
Is 61424 a multiple of 22?
True
Is 48 a factor of 69168?
True
Is 338 a factor of 147706?
True
Is 345280 a multiple of 16?
True
Does 9 divide 2631214?
False
Is 12053 a multiple of 17?
True
Does 11 divide 276405?
False
Is 16 a factor of 189128?
False
Does 5 divide 85825?
True
Does 301 divide 638421?
True
Does 23 divide 317113?
False
Is 528660 a multiple of 51?
False
Does 19 divide 365098?
False
Is 590100 a multiple of 105?
True
Is 105 a factor of 402756?
False
Does 177 divide 1937973?
True
Is 30 a factor of 1028025?
False
Is 3763260 a multiple of 270?
True
Does 80 divide 14909760?
True
Is 46 a factor of 19644438?
True
Does 40 divide 4431953?
False
Does 125 divide 511875?
True
Is 120 a factor of 1502126?
False
Does 361 divide 797996?
False
Is 12 a factor of 1226522?
False
Is 12 a factor of 1814553?
False
Does 292 divide 405004?
True
Is 49 a factor of 232356?
False
Is 859460 a multiple of 6?
False
Is 59258 a multiple of 132?
False
Does 10 divide 47340?
True
Does 466 divide 140266?
True
Is 43 a factor of 5156?
False
Does 177 divide 1124481?
True
Does 60 divide 247860?
True
Does 20 divide 57500?
True
Is 303229 a multiple of 3?
False
Is 2087 a factor of 9673245?
True
Is 168 a factor of 840804?
False
Is 97 even?
False
Is 9219898 a multiple of 112?
False
Does 313 divide 1219761?
True
Is 135788 a multiple of 166?
True
Does 178 divide 211286?
True
Does 4 divide 5384?
True
Is 78 a factor of 175890?
True
Is 132228 a multiple of 119?
False
Is 6641 a multiple of 21?
False
Is 6598685 a multiple of 20?
False
Does 63 divide 342263?
False
Is 18 a factor of 2213820?
True
Does 557 divide 1826403?
True
Is 3463994 a multiple of 106?
False
Does 148 divide 42602?
False
Is 4049 a multiple of 3?
False
Is 71 a factor of 1770293?
False
Does 133 divide 14407965?
False
Is 824840 a multiple of 3?
False
Is 317746 a multiple of 404?
False
Is 107682 a multiple of 6?
True
Does 8 divide 3347485?
False
Is 41777 a multiple of 23?
False
Does 48 divide 5326949?
False
Is 46 a factor of 862465?
False
Is 148 a factor of 836644?
True
Does 19 divide 8417?
True
Is 5 a factor of 141116?
False
Does 35 divide 382900?
True
Is 15370 a multiple of 3?
False
Is 212 a factor of 5392294?
False
Does 332 divide 623001?
False
Is 2696660 a multiple of 109?
True
I